 Determine s(12).
-9
Let v(c) = c**2 - 21*c + 143. What is v(10)?
33
Let w(c) = -c**3 - 7*c**2 - 11*c - 8. What is w(-6)?
22
Let o(d) = -2*d + 72. What is o(5)?
62
Let k(p) = p**2 + 14*p + 50. Give k(-5).
5
Let b(u) = 7*u + 79. What is b(-12)?
-5
Let y(s) = -s**2 + 19*s + 19. Calculate y(22).
-47
Let l(d) = -5*d**3 - 3*d**2 - 4*d. Calculate l(3).
-174
Let q(k) = -k**2 + 15*k - 49. Determine q(9).
5
Let i(u) = 2*u**2 - 18*u + 28. Calculate i(12).
100
Let n(w) = w**2 + 69*w - 366. Determine n(5).
4
Let u(q) = -q**3 + 14*q**2 + 2*q - 21. Calculate u(14).
7
Let q(d) = -d**2 - 10*d - 41. Give q(-10).
-41
Let i(w) = 3*w + 22. What is i(11)?
55
Let q(r) = -r**2 + 7*r - 2. Calculate q(6).
4
Let u(v) = v - 1. Determine u(-6).
-7
Let u(x) = x**2 + 7*x - 7. Give u(0).
-7
Let f(l) = -l**3 + 5*l**2 + 7*l - 24. What is f(5)?
11
Let q(m) = m**2 - 10*m - 33. Calculate q(13).
6
Let u(j) = 73*j**2 + 5*j + 4. Give u(-1).
72
Let t(b) = b**2 - 10*b + 16. Give t(7).
-5
Let f(s) = s**3 - 33*s**2 - 110*s + 69. What is f(36)?
-3
Let j(k) = -6*k + 11. What is j(3)?
-7
Let a(p) = p - 15. Calculate a(5).
-10
Let s(b) = b**3 - 7*b**2 + 5*b + 1. Give s(6).
-5
Let f(w) = w**2 - 22*w + 103. Give f(16).
7
Let f(c) = -24*c - 38. Give f(5).
-158
Let x(h) = 7*h - 6. What is x(5)?
29
Let r(d) = -d**2 - d + 5. What is r(0)?
5
Let x(u) = -9*u**2 + u - 1. What is x(1)?
-9
Let t(k) = -k**2 + 8*k - 4. Calculate t(4).
12
Let p(v) = -10*v + 364. Calculate p(36).
4
Let b(q) = -2*q**3 - 17*q**2 - 32*q - 201. What is b(-8)?
-9
Let d(k) = k**2 - 2*k - 21. Give d(-4).
3
Let y(s) = s**3 + 19*s**2 + 2*s + 31. Give y(-19).
-7
Let j(l) = l**3 - 2*l**2 + 3*l - 4. Calculate j(3).
14
Let p(n) = 23*n**2 + 1. Determine p(-1).
24
Let h(k) = k**3 + 23*k**2 + 42*k - 10. Calculate h(-21).
-10
Let g(q) = 12*q**3. Give g(-1).
-12
Let f(x) = -3*x**3 - 3*x**2 - 4*x - 1. What is f(-1)?
3
Let q(w) = -7*w - 4. What is q(-2)?
10
Let l(d) = -2*d**2 - 19*d - 16. Determine l(-9).
-7
Let z(g) = -15*g + 9. Give z(-3).
54
Let a(g) = g**3 - 10*g**2 + 3*g + 30. Give a(9).
-24
Let n(y) = y**2 + 12*y - 38. Give n(-15).
7
Let s(y) = y**3 - 14*y**2 - 74*y + 6. What is s(18)?
-30
Let w(i) = i**3 - 10*i**2 + 23*i - 117. Determine w(9).
9
Let o(i) = i + 12. What is o(-12)?
0
Let a(b) = -7*b + 13. Give a(3).
-8
Let d(b) = -2*b**3 + 4*b**2 + 3*b - 5. Calculate d(4).
-57
Let l(c) = -2*c**3 - 3*c**2 - 2*c + 4. What is l(-3)?
37
Let h(d) = -3*d**2 + 3*d + 1. What is h(-1)?
-5
Let s(g) = -g**2 - 6*g - 31. What is s(-4)?
-23
Let g(o) = -o**2 - 62*o + 258. Give g(4).
-6
Let s(f) = f**3 - 7*f**2 + 8*f + 25. What is s(6)?
37
Let p(i) = 5*i + 3. Give p(-2).
-7
Let m(a) = -a**2 + 12*a + 162. What is m(-8)?
2
Let n(a) = -a**3 + 16*a + 41. Give n(5).
-4
Let u(g) = -g**2 - 38*g - 79. Give u(-36).
-7
Let p(c) = -5*c**2 - 5*c + 3. Determine p(1).
-7
Let t(a) = a**3 + 68*a**2 - 71*a - 136. Calculate t(-69).
2
Let k(r) = -55*r**2 - 3*r - 2. Calculate k(-1).
-54
Let b(w) = w**3 - 9*w**2 - 22*w + 3. What is b(11)?
3
Let o(c) = 17*c**2 - 2*c - 1. Give o(-1).
18
Let v(b) = b**3 - 3*b**2 - 2*b + 3. Determine v(4).
11
Let a(p) = -12*p + 21. What is a(3)?
-15
Let w(r) = -2*r - 7. What is w(-3)?
-1
Let a(d) = 9*d - 52. Give a(19).
119
Let f(w) = -w**3 + 9*w**2 - 9*w + 10. Give f(8).
2
Let w(h) = -h**2 - 8*h - 11. Determine w(-5).
4
Let t(i) = 10*i**2 + 8*i + 16. Give t(-2).
40
Let k(l) = l**3 + 14*l**2 + 12*l - 15. What is k(-13)?
-2
Let k(q) = 3*q - 16. What is k(0)?
-16
Let l(r) = -2*r**2 + 11*r + 51. Determine l(-6).
-87
Let n(s) = -3*s - 36. Determine n(-16).
12
Let h(k) = -k**3 - 2*k**2 - 2*k + 2. Calculate h(2).
-18
Let y(t) = t**3 - 9*t**2 + 4*t + 23. Calculate y(7).
-47
Let q(i) = -i - 29. Give q(-27).
-2
Let y(j) = -j**3 - 2*j - 1. Calculate y(0).
-1
Let o(i) = -17*i + 55. Give o(4).
-13
Let k(h) = -h**3 - 8*h**2 + 180*h - 5. Determine k(10).
-5
Let f(t) = -2*t**2 - 2*t - 4. What is f(-3)?
-16
Let r(g) = -g**2 + 24*g - 39. Give r(22).
5
Let j(l) = l**3 + 6*l**2 - 2*l - 11. Give j(-6).
1
Let v(b) = b - 4. Calculate v(4).
0
Let d(z) = 5*z + 2. What is d(0)?
2
Let v(d) = d + 1. Determine v(-3).
-2
Let j(v) = v**3 - 6*v**2 - 5*v - 5. Determine j(7).
9
Let h(r) = -r + 6. Give h(7).
-1
Let j(z) = z**2 - 18*z + 6. What is j(5)?
-59
Let t(s) = s**3 + 2*s**2 - 5*s + 11. Determine t(-5).
-39
Let c(k) = k + 2. Give c(-1).
1
Let b(m) = m + 3. Determine b(-2).
1
Let q(h) = h**2 - 6*h + 2. Give q(4).
-6
Let n(g) = -g**3 + 11*g**2 - 9*g - 7. What is n(10)?
3
Let b(v) = -v**3 - 5*v**2 + 8*v + 7. Determine b(-6).
-5
Let b(s) = -s - 47. Calculate b(-16).
-31
Let o(f) = f**3 - 2*f**2 + 2*f + 2. Calculate o(-2).
-18
Let w(b) = -2*b**2 + 11*b + 21. Give w(7).
0
Let w(t) = -t + 3. Calculate w(16).
-13
Let r(g) = 3*g**3 + 2*g**2 + 2*g + 1. What is r(-3)?
-68
Let i(j) = 8*j + 143. What is i(-17)?
7
Let v(b) = -b**2 + 4*b + 7. Determine v(3).
10
Let o(c) = c - 10. Give o(10).
0
Let t(d) = -d**3 + 8*d**2 + 77. Give t(9).
-4
Let t(z) = -z**3 - 23*z**2 - 7*z - 85. What is t(-23)?
76
Let w(u) = u**2 + 36*u + 83. Give w(-33).
-16
Let r(j) = -j - 8. Calculate r(7).
-15
Let g(t) = t**3 - 3*t**2 + 2*t - 13. Give g(3).
-7
Let j(w) = -11*w**3 + w**2 + w - 1. Give j(-2).
89
Let z(y) = -8*y**2 + 21*y. Determine z(3).
-9
Let k(z) = -z**2 - 9*z - 21. Determine k(-4).
-1
Let x(u) = -u**2 - 9*u + 5. Determine x(-10).
-5
Let s(i) = -7*i + 5. Determine s(-3).
26
Let k(v) = v**2 + 17*v + 1. Give k(-18).
19
Let o(f) = -f + 19. What is o(16)?
3
Let v(z) = 2*z**3 - 3*z**2 + 6*z - 16. Determine v(2).
0
Let g(a) = 3*a**3 - 4*a**2 + 3*a + 2. What is g(3)?
56
Let z(c) = -3*c**3 + 4*c**2 - 7*c + 4. Give z(4).
-152
Let h(m) = -3*m**2 - 2*m - 5. Determine h(-3).
-26
Let o(r) = -r + 53. What is o(47)?
6
Let m(k) = k**3 + 3*k**2 + 5*k + 4. What is m(-3)?
-11
Let p(f) = -f**2 + 8*f + 17. Determine p(9).
8
Let m(o) = -63*o. Calculate m(-1).
63
Let n(f) = f + 30. Calculate n(-15).
15
Let z(d) = -d - 96. Give z(0).
-96
Let h(a) = -a**2 + 31*a - 86. Calculate h(28).
-2
Let w(z) = -z**3 - z - 8. Calculate w(-4).
60
Let w(g) = -g**2 - 2*g + 1. What is w(0)?
1
Let v(z) = -z**3 - 5*z**2 + 4*z - 14. Determine v(-6).
-2
Let k(h) = -h**2 - 16*h + 96. Give k(-20).
16
Let k(w) = 2*w**2 + 4*w - 12. What is k(-5)?
18
Let m(c) = c**2 - 7*c + 3. Give m(6).
-3
Let v(h) = h**2 + 92*h - 477. What is v(5)?
8
Let h(u) = -u**2 + 2*u + 36. Give h(0).
36
Let c(m) = -12*m + 246. Give c(21).
-6
Let a(h) = -32*h - 180. Determine a(-6).
12
Let n(t) = t**3 - 10*t**2 + 5*t + 10. Give n(9).
-26
Let o(y) = -109*y**3 + 4*y + 3. Give o(-1).
108
Let c(w) = -w**3 + 4*w**2 + 3*w - 1. What is c(5)?
-11
Let y(p) = -p**3 - 10*p**2 + 20*p + 201. Calculate y(-10).
1
Let q(x) = x**3 - 7*x**2 + 2*x - 5. Calculate q(7).
9
Let o(z) = -z**3 + 15*z**2 + 16*z + 3. What is o(16)?
3
Let t(k) = -k**3 - 6*k**2 - 7*k - 1. Determine t(-5).
9
Let q(l) = -28*l + 79. Calculate q(3).
-5
Let z(s) = 3*s + 1. Calculate z(4).
13
Let n(i) = -15*i - 1156. What is n(-77)?
-1
Let w(p) = p**3 + 5*p**2 - 5*p + 3. Determine w(-6).
-3
Let q(t) = -t**3 + 10*t**2 - 13*t - 1. Calculate q(9).
-37
Let a(j) = -10*j**2 + j. Give a(-1).
-11
Let b(l) = 12*l**3 - l**2 + l - 4. Determine b(2).
90
Let r(i) = -i**2 + 11*i - 1. Give r(10).
9
Let i(x) = -x**3 - 9*x**2 + 7*x + 69. Give i(-9).
6
Let o(q) = 2*q**2 + 4*q. What is o(3)?
30
Let p(h) = 88*h + 171. Determine p(-2).
-5
Let x(a) = -a**3 + 20*a**2 + a - 27. What is x(20)?
-7
Let d(i) = i**2 + 8*i - 33. Calculate d(8).
95
Let p(c) = 7*c - 1. Determine p(7).
48
Let s(c) = c**3 + 10*c**2 + 7*c + 10. Give s(-9).
28
Let i(n) = -9*n + 29. Determine i(3).
2
Let u(l) = l**3 + 11*l**2 - l. Calculate u(-11).
11
Let h(a) = -3*a**3 - 4*a**2 - 4*a. Calculate h(-3).
57
Let y(g) = g**3 - 5*g**2 - 8*g + 19. Determine y(6).
7
Let r(h) = 21*h**2 + 13*h + 1. What is r(-1)?
9
Let f(s) = -s**3 - 11*s**2 - 9*s - 16. Give f(-10).
-26
Let d(v) = -v - 23. Determine d(-16).
-7
Let t(v) = -18*v + 8. What is t(-1)?
26
Let o(v) = v**3 - 8*v**2 + 18*v - 1. Give o(5).
14
Let b(h) = 4*h - 2. Calculate b(2).
6
Let s(w) = w**2 - 7*w. Give s(6).
-6
Let v(a) = -4*a - 25. Give v(9).
-61
Let w(v) = v**3 - 8*v**2 + 7*v + 19. Calculate w(3).
-5
Let o(j) = j + 52. Calculate o(-17).
35
Let p(v) = -2*v**3 + 4*v + 1. Determine p(3).
-41
Let k(w) = w**2 + 16*w - 113. D